rime factors of 488189?
13, 17, 47
List the prime factors of 1381041.
3, 153449
What are the prime factors of 686251?
23, 29837
What are the prime factors of 1841234?
2, 461, 1997
List the prime factors of 16053364.
2, 647, 6203
List the prime factors of 13403127.
3, 4467709
What are the prime factors of 2647877?
197, 13441
List the prime factors of 374258.
2, 187129
List the prime factors of 201911.
201911
List the prime factors of 3962350.
2, 5, 7, 11321
What are the prime factors of 167903?
19, 8837
List the prime factors of 207115.
5, 23, 1801
List the prime factors of 863283.
3, 83, 3467
List the prime factors of 1812546.
2, 3, 101, 997
List the prime factors of 5664438.
2, 3, 13, 8069
List the prime factors of 4075627.
4075627
List the prime factors of 264873.
3, 7, 12613
What are the prime factors of 1399255?
5, 11, 13, 19, 103
What are the prime factors of 24383443?
7, 577, 6037
List the prime factors of 88212.
2, 3, 7351
What are the prime factors of 1582634?
2, 791317
List the prime factors of 390042.
2, 3, 31, 233
What are the prime factors of 8649959?
19, 455261
What are the prime factors of 1761430?
2, 5, 11, 67, 239
What are the prime factors of 2359344?
2, 3, 13, 19, 199
List the prime factors of 104274.
2, 3, 1931
List the prime factors of 11627208.
2, 3, 167, 967
List the prime factors of 18174970.
2, 5, 11, 127, 1301
List the prime factors of 571641.
3, 7, 163, 167
What are the prime factors of 1737680?
2, 5, 7, 29, 107
What are the prime factors of 903402?
2, 3, 31, 1619
List the prime factors of 155924.
2, 17, 2293
What are the prime factors of 614079?
3, 31, 71
What are the prime factors of 970825?
5, 38833
List the prime factors of 4818867.
3, 1606289
List the prime factors of 830156.
2, 73, 2843
List the prime factors of 7466540.
2, 5, 373327
List the prime factors of 137250.
2, 3, 5, 61
List the prime factors of 3189004.
2, 7, 13, 8761
What are the prime factors of 58164?
2, 3, 37, 131
What are the prime factors of 625594?
2, 19, 101, 163
List the prime factors of 7214980.
2, 5, 360749
List the prime factors of 502766.
2, 11, 22853
What are the prime factors of 394574?
2, 29, 6803
What are the prime factors of 14519714?
2, 11, 163, 4049
List the prime factors of 365548.
2, 91387
List the prime factors of 678851.
19, 35729
List the prime factors of 1355218.
2, 101, 6709
List the prime factors of 463210.
2, 5, 11, 4211
What are the prime factors of 10748492?
2, 2687123
List the prime factors of 10675322.
2, 7, 491, 1553
List the prime factors of 879931.
13, 113, 599
What are the prime factors of 111815?
5, 11, 19, 107
List the prime factors of 5970690.
2, 3, 5, 11, 37, 163
What are the prime factors of 12505?
5, 41, 61
List the prime factors of 1821599.
13, 140123
What are the prime factors of 124047?
3, 7, 11, 179
List the prime factors of 18678345.
3, 5, 7, 177889
What are the prime factors of 660867?
3, 43, 47, 109
List the prime factors of 1460769.
3, 486923
What are the prime factors of 2116301?
11, 192391
What are the prime factors of 6810790?
2, 5, 7, 149, 653
List the prime factors of 293374.
2, 47, 3121
List the prime factors of 2225931.
3, 41, 18097
What are the prime factors of 17249849?
17, 1014697
What are the prime factors of 3981451?
17, 234203
What are the prime factors of 2564405?
5, 53, 9677
List the prime factors of 808127.
19, 42533
List the prime factors of 7477.
7477
List the prime factors of 3374869.
3374869
What are the prime factors of 361907?
7, 13, 41, 97
What are the prime factors of 74404?
2, 11, 19, 89
What are the prime factors of 204817?
31, 6607
What are the prime factors of 11192920?
2, 5, 279823
What are the prime factors of 1365211?
23, 59357
What are the prime factors of 400620?
2, 3, 5, 11, 607
What are the prime factors of 134501?
19, 7079
What are the prime factors of 1558722?
2, 3, 11, 19, 113
What are the prime factors of 1366143?
3, 455381
List the prime factors of 4286756.
2, 43, 24923
List the prime factors of 15690853.
23, 197, 3463
List the prime factors of 111205.
5, 23, 967
List the prime factors of 10771713.
3, 1196857
List the prime factors of 440822.
2, 220411
What are the prime factors of 550110?
2, 3, 5, 11, 1667
List the prime factors of 10412804.
2, 53, 49117
What are the prime factors of 2075329?
193, 10753
What are the prime factors of 14765838?
2, 3, 2460973
List the prime factors of 249068.
2, 71, 877
What are the prime factors of 5062790?
2, 5, 59, 8581
List the prime factors of 68137.
61, 1117
What are the prime factors of 171765?
3, 5, 11, 347
List the prime factors of 2005433.
41, 1193
What are the prime factors of 5663869?
863, 6563
What are the prime factors of 213770?
2, 5, 21377
What are the prime factors of 17299?
17299
What are the prime factors of 859707?
3, 17, 1873
What are the prime factors of 32099626?
2, 13, 19, 181, 359
What are the prime factors of 2718084?
2, 3, 83, 2729
What are the prime factors of 84390?
2, 3, 5, 29, 97
What are the prime factors of 126902?
2, 107, 593
List the prime factors of 4272281.
13, 328637
List the prime factors of 309160.
2, 5, 59, 131
List the prime factors of 405719.
405719
List the prime factors of 16501334.
2, 37, 222991
List the prime factors of 6695841.
3, 17, 7723
List the prime factors of 5256218.
2, 11, 238919
What are the prime factors of 2760174?
2, 3, 153343
What are the prime factors of 288531?
3, 32059
What are the prime factors of 7286350?
2, 5, 43, 3389
List the prime factors of 8848642.
2, 11, 19, 21169
What are the prime factors of 11440346?
2, 113, 223, 227
List the prime factors of 4571968.
2, 71437
What are the prime factors of 14259823?
19, 750517
List the prime factors of 126107.
126107
What are the prime factors of 400803?
3, 13, 43, 239
List the prime factors of 2264279.
2264279
List the prime factors of 257078.
2, 173, 743
What are the prime factors of 201024?
2, 3, 349
What are the prime factors of 12396971?
2113, 5867
List the prime factors of 378393.
3, 126131
What are the prime factors of 895094?
2, 31, 14437
What are the prime factors of 498610?
2, 5, 7, 17, 419
List the prime factors of 2534420.
2, 5, 7, 43, 421
List the prime factors of 3225100.
2, 5, 32251
What are the prime factors of 13561987?
947, 14321
What are the prime factors of 339078?
2, 3, 31, 1823
What are the prime factors of 771079?
771079
List the prime factors of 378719.
11, 34429
What are the prime factors of 204404?
2, 137, 373
List the prime factors of 1838283.
3, 317, 1933
What are the prime factors of 2038244?
2, 13, 19, 2063
List the prime factors of 20898172.
2, 43, 121501
What are the prime factors of 1087913?
401, 2713
What are the prime factors of 914706?
2, 3, 13, 1303
List the prime factors of 10271316.
2, 3, 11, 77813
What are the prime factors of 134468?
2, 33617
List the prime factors of 13040492.
2, 3260123
List the prime factors of 123690.
2, 3, 5, 7, 19, 31
List the prime factors of 1533019.
23, 66653
What are the prime factors of 9392267?
9392267
List the prime factors of 2991434.
2, 1495717
List the prime factors of 31122329.
7, 4446047
What are the prime factors of 96463?
19, 5077
What are the prime factors of 29600570?
2, 5, 17, 174121
What are the prime factors of 6029027?
1933, 3119
What are the prime factors of 6850023?
3, 1223, 1867
What are the prime factors of 474116?
2, 118529
What are the prime factors of 17451589?
139, 125551
List the prime factors of 367281.
3, 61, 223
List the prime factors of 6786315.
3, 5, 17, 2957
What are the prime factors of 444673?
71, 6263
List the prime factors of 822983.
7, 89, 1321
What are the prime factors of 2946886?
2, 1473443
List the prime factors of 238625.
5, 23, 83
List the prime factors of 465509.
11, 101, 419
What are the prime factors of 13753198?
2, 6876599
What are the prime factors of 8267088?
2, 3, 29, 5939
What are the prime factors of 35936?
2, 1123
List the prime factors of 528465.
3, 5, 7, 719
What are the prime factors of 13166633?
13166633
What are the prime factors of 16167?
3, 17, 317
What are the prime factors of 358197?
3, 7, 37, 461
List the prime factors of 1111461.
3, 13, 28499
List the prime factors of 188843.
188843
List the prime factors of 4822015.
5, 11, 73, 1201
List the prime factors of 557457.
3, 185819
What are the p